 = -72 + 119. Let g = u + -30. List the prime factors of g.
17
Suppose 0*j = -5*t + j + 316, 3*t - 5*j - 172 = 0. What are the prime factors of t?
2
Suppose -o = -3*c - 21 - 44, 5*o + 3*c = 307. What are the prime factors of o?
2, 31
Let k = 41 + -25. Let x be ((-2)/3)/((-2)/15). Suppose 0 = x*p + 6 - k. List the prime factors of p.
2
Let h(i) = 2*i + 33. Suppose 0 = -0*u + 2*u. List the prime factors of h(u).
3, 11
Let z(j) be the first derivative of -j + 2/3*j**3 - 2 + 1/2*j**2. List the prime factors of z(2).
3
Let a = -250 - -375. What are the prime factors of a?
5
Suppose 0*b = -5*b + 10. Let w be -3 - (-2 + b + -2). What are the prime factors of (-2 - w)/2*-22?
11
Let v(c) = -c**2 + 11. Let j be v(0). Suppose -j = -3*i + 1. Suppose 3*k - b - 20 = -0, -45 = -i*k + 5*b. List the prime factors of k.
5
Let s = -5 + 7. Suppose 40 = s*u - 20. List the prime factors of u.
2, 3, 5
Suppose -4*y - 3*z = 3, y = -3*y - 2*z + 2. List the prime factors of y.
3
Let z(q) = -2*q - 1. Let g be z(-3). Suppose -3*p + g*a + 115 = 14, 3*a = 3*p - 99. Suppose 0 = 3*s - 3, -p = -5*i + 2*i - 5*s. List the prime factors of i.
3
Let m = 136 + -57. Suppose 5*c - 56 - m = 0. List the prime factors of c.
3
Suppose 4*r - 4*f = 0, -4*r + 2*f - 2 = -3*r. Let c(z) = -3*z**2 + r*z**2 - 6*z - 3*z - 5. List the prime factors of c(-7).
3
Suppose 0 = -3*q - 4*n + 173, -3*n - 2*n = 5*q - 285. Suppose -5*x + 55 = -5*h, 5*x + 4*h - q = h. List the prime factors of x.
11
What are the prime factors of 0/(-2) + 0 + 9?
3
Let m(t) = -t**2 - t + 7. Let z be m(0). What are the prime factors of z*(-8)/14*-3?
2, 3
Suppose 5*c - 4 = c. Let a be c - (-1 + 2) - -4. Suppose l - 10 - 11 = -3*j, -44 = -a*j + 4*l. List the prime factors of j.
2
Suppose -c = -4*c - 30. Let z = -1 - c. List the prime factors of z.
3
Suppose -3*h + 4*w - w + 381 = 0, -4*h + 5*w = -507. List the prime factors of h.
2
Let t(g) = -22*g**2 - g + 1. Let o be t(1). Let r = 0 - 8. What are the prime factors of (o/(-8))/((-2)/r)?
11
Suppose -16*q + 18*q - 152 = 0. List the prime factors of q.
2, 19
Let s(i) = -i**2 - 17*i + 3. Let u be s(-17). Suppose 0 = -5*r - 0 - 5, -u*p + r + 40 = 0. What are the prime factors of p?
13
Suppose 3*m - 52 = -m. What are the prime factors of m?
13
Let z = -13 - -28. Let y = 59 - z. What are the prime factors of y?
2, 11
Suppose 0*n = 3*p + 4*n + 29, -p = 5*n + 6. Let z(r) = 3*r - 2. Let u be z(6). Let o = p + u. What are the prime factors of o?
5
Let h(b) = -19*b + 27. List the prime factors of h(-9).
2, 3, 11
Let j = 70 - 27. List the prime factors of j.
43
Let n(t) = t**2 - 6*t - 3. Let x be n(5). Let w be (-2 - x/3)*-3. What are the prime factors of (-1)/w*(6 + 4)?
5
Let v(w) = -2*w + 1 - 2*w**2 + w**3 + w - 3*w + 6*w. Let h be v(2). Suppose 7*j + 22 = d + 2*j, -5*j = h*d - 20. List the prime factors of d.
7
What are the prime factors of (3/(-2))/(9/(-264))?
2, 11
Let q(g) be the second derivative of -g**5/20 + g**4/3 - g**3/2 + g**2 - 6*g. List the prime factors of q(2).
2
Suppose 4 = -f - 2. Let j = 4 - f. List the prime factors of j.
2, 5
Let z be (-1 - -2)/((-2)/(-10)). Let n = 39 + -36. Suppose z*i - 2*v - 65 = n*v, 3*i + v = 47. List the prime factors of i.
3, 5
Let b(l) = -2*l + 4 + l**2 + 6 - 3. What are the prime factors of b(5)?
2, 11
Let g = -49 + 187. List the prime factors of g.
2, 3, 23
Let p be ((-21)/9)/(2/(-12)). Let q = -2 + p. What are the prime factors of q?
2, 3
Let t(p) = -p**3 + 16*p**2 - 8*p - 11. What are the prime factors of t(15)?
2, 47
Let v(c) = -c**3 - 4*c**2 + 6*c + 7. Let i be v(-5). Let s be 2*(-2)/(-4) + 3. Suppose 3*o - i*h - 27 = 3*h, h = s*o - 53. List the prime factors of o.
2, 7
Let k(t) = t + 5. Let c be k(-6). List the prime factors of (14 + 0)*(0 - c).
2, 7
Let y be (-2)/(-1 + 14/10). Let m(u) = u**3 + 5*u**2 - 3*u - 7. Let q be m(y). Suppose 4*r = -5*w, 2*w = -4*r - w + q. What are the prime factors of r?
5
Let y(a) = -6*a - 6. What are the prime factors of y(-5)?
2, 3
Let x = -6 - -25. Let z(j) = j + 8. Let m be z(-8). Suppose -u + x = -m*u. List the prime factors of u.
19
Let d be (0 - -4)*3/3. Suppose 0 = -d*r - 2*r + 222. List the prime factors of r.
37
Let z(u) = u**2 - 8*u + 1. Let p be z(8). Suppose -c + 1 + p = 0. Suppose 13 = c*i - 1. What are the prime factors of i?
7
Suppose 0*n + 4*g = -2*n + 4, 2*g = -5*n + 42. Let c(d) = n*d**2 - 5*d + 5*d - d. What are the prime factors of c(-1)?
11
Suppose -4*q + 3 = -1. Let c(x) = x + q - 1 + 3. List the prime factors of c(4).
7
Let t(m) = m**2 - 5*m - 2. Let x be t(6). Let g(u) = 3*u - 4. Let o(c) = 2*c - 3. Let b(h) = 5*g(h) - 7*o(h). List the prime factors of b(x).
5
Suppose -3*p - 7*c = -3*c - 218, -2*c + 226 = 3*p. What are the prime factors of p?
2, 3, 13
Let h(t) = -t**2 + 8*t + 1. Let l be h(9). Let z(c) be the third derivative of -c**4/24 - c**3/3 + c**2. List the prime factors of z(l).
2, 3
Suppose g = 3*a + 3*g + 436, 5*g + 442 = -3*a. What are the prime factors of a/4*(0 + -1)?
2, 3
List the prime factors of ((-12)/(-10) + -8)/((-2)/50).
2, 5, 17
Let k = -6 - -11. List the prime factors of k.
5
What are the prime factors of 1770/20*(-4)/(-3)?
2, 59
Suppose 2*y = -5*l + 201, 0 = -5*l + 2*l + 3. Suppose -4*n + y - 34 = 0. Suppose 2*d + 3*v = -d + 24, -3*v + n = 2*d. What are the prime factors of d?
2
Let g(z) = z**2 - 2*z + 10. Let d be g(-5). Let i = -12 + d. What are the prime factors of i?
3, 11
Let l(z) = 6*z**3 - 8*z**2 - 9*z - 6. Let y(w) = -4*w**3 + 5*w**2 + 6*w + 4. Let r(p) = 5*l(p) + 8*y(p). Let v = 4 + -6. What are the prime factors of r(v)?
2, 3
Let u = 4 + 1. Let z(c) = -5 - 439*c + 435*c + 5 + c**2. What are the prime factors of z(u)?
5
Suppose -r + 4 = 3*i - 0*r, -4*i - 2*r + 4 = 0. Suppose -n - 7 = 2. List the prime factors of n*i*2/(-12).
3
Let a = 5 - 4. List the prime factors of 9 + 3 + -3 - a.
2
What are the prime factors of (-1)/2 - (-90)/4?
2, 11
Let h = -21 + 35. What are the prime factors of h?
2, 7
Suppose -2*b + 27 = -5*b. List the prime factors of ((-60)/b)/((-2)/(-12)).
2, 5
Let m be ((-2)/(-5))/((-3)/15). Let f be m - 0/((-9)/3). Let z(i) = 3*i**2 + i - 1. List the prime factors of z(f).
3
Let p be (1 - 3) + 2 + 4. Suppose 0 = -p*l + 7 + 1. Suppose 27 = m - 5*d, l*m + 0*d + d = 21. What are the prime factors of m?
2, 3
Let o = 261 - 154. List the prime factors of o.
107
Suppose x + 2*x = 4*r - 35, 3*r - x = 20. List the prime factors of r.
5
Suppose b - 44 = -2*c + 3*b, -5*c - b + 140 = 0. List the prime factors of c.
3
Suppose -17 = -10*l + 5*l - 3*t, 2*l - 13 = 5*t. Suppose -v - x = l*v - 80, 2*x = 3*v - 35. List the prime factors of v.
3, 5
Let v(i) = i**3 - i**2 - 2*i. Let n be v(2). Suppose n*a = -4*a + 8. Suppose 0*q + q = a*w + 1, 0 = q - 4*w + 9. List the prime factors of q.
11
Suppose -3*c + c + 144 = -2*o, 3*c - 188 = -4*o. List the prime factors of c.
2, 17
Suppose 0 = 11*r - 10*r - 53. What are the prime factors of r?
53
Suppose 2*j - 345 = -13*j. List the prime factors of j.
23
Suppose 2*c = 2*w + 50 - 4, -w + 97 = 5*c. Suppose 6*i = i + c. What are the prime factors of i?
2
Suppose -5*b + 408 = 2*x, -5*b + 612 = -0*x + 3*x. What are the prime factors of x?
2, 3, 17
List the prime factors of (1/2)/((-10)/(-1640)) - -3.
5, 17
Let h(u) = 2 + 0*u**2 + 1 + 2*u**2 - 3*u**2 - 3*u. Let t be h(-3). Suppose -t*j + 36 = j. List the prime factors of j.
3
Let z(t) = 2*t**2 + 14*t - 12. Let a(n) = -n**2 - 7*n + 6. Let k(h) = 13*a(h) + 6*z(h). Let c(o) = -o**2 - 6. Let v be c(0). List the prime factors of k(v).
2, 3
Suppose -72 - 63 = -3*h. Suppose -3*f + h = 3. List the prime factors of f.
2, 7
Let t = 0 - -3. Suppose -t*x + 4*a = 3*a - 124, 5*a - 52 = -x. Suppose -5*q - 20 = -5*c - 90, -2*c + x = 3*q. List the prime factors of q.
2, 7
Let u be (21/(-6))/((-1)/(-2)). Let o = u + 14. What are the prime factors of o?
7
Let v be 1/(-2) + 27/(-2). Let f = -8 - v. What are the prime factors of 2/f + (-50)/(-3)?
17
Suppose -3*h + 13 - 4 = 0. List the prime factors of -17*(-3 + 0)/h.
17
Suppose 0 = 4*r - 7 + 3. Let q = r - 1. Suppose c + c - 8 = q. What are the prime factors of c?
2
Let i = 197 + -99. What are the prime factors of i?
2, 7
Suppose -4*d = -6*d + 80. Suppose 60 = 5*q - d. What are the prime factors of q?
2, 5
Let d = 32 + -28. Suppose -10 = -d